{"id":62,"date":"2018-04-16T17:03:10","date_gmt":"2018-04-16T15:03:10","guid":{"rendered":"https:\/\/www.laysalvatorians.org\/spiritual\/?page_id=62"},"modified":"2018-04-16T17:03:10","modified_gmt":"2018-04-16T15:03:10","slug":"salvatorian-key-elements-6","status":"publish","type":"page","link":"https:\/\/www.laysalvatorians.org\/spiritual\/salvatorian-key-elements-6\/","title":{"rendered":"Salvatorian Key Elements 6"},"content":{"rendered":"<h3>Salvatorian Key Elements 6<\/h3>\n\n<table id=\"tablepress-1\" class=\"tablepress tablepress-id-1\">\n<tbody class=\"row-striping row-hover\">\n<tr class=\"row-1\">\n\t<td class=\"column-1\">BINOTTO Rozilde, RASERA Therezinha<\/td><td class=\"column-2\"><a href=\"https:\/\/www.laysalvatorians.org\/spiritual\/wp-content\/uploads\/2018\/04\/Binotto-Rasera-ENG.pdf\">THE SALVATORIAN FAMILY CHARTER AND THE KINGDOM OF GOD  <\/a><\/td>\n<\/tr>\n<tr class=\"row-2\">\n\t<td class=\"column-1\">BITZAN Janet E.<\/td><td class=\"column-2\"><a href=\"https:\/\/www.laysalvatorians.org\/spiritual\/wp-content\/uploads\/2018\/04\/Bitzan-ENG.pdf\">UNIVERSALITY IN THE SALVATORIAN FAMILY CHARTER AND ITS ROOTS IN FATHER JORDAN <\/a><\/td>\n<\/tr>\n<tr class=\"row-3\">\n\t<td class=\"column-1\">DINUSHA Fernando<\/td><td class=\"column-2\"><a href=\"https:\/\/www.laysalvatorians.org\/spiritual\/wp-content\/uploads\/2018\/04\/Dinusha-ENG.pdf\">SALVATORIAN MISSION FOR THE SIGNS OF THE TIME<\/a><\/td>\n<\/tr>\n<tr class=\"row-4\">\n\t<td class=\"column-1\">ESCALANTE Luis Alfredo<\/td><td class=\"column-2\"><a href=\"https:\/\/www.laysalvatorians.org\/spiritual\/wp-content\/uploads\/2018\/04\/Escalante-ENG.pdf\">OUR SALVATION IN JESUS CHRIST<\/a><\/td>\n<\/tr>\n<tr class=\"row-5\">\n\t<td class=\"column-1\">FLORIANI Paulo Jos\u00e9<\/td><td class=\"column-2\"><a href=\"https:\/\/www.laysalvatorians.org\/spiritual\/wp-content\/uploads\/2018\/04\/Floriani-ENG.pdf\">SAVED BY THE EXPERIENCE OF THE KNOWLEDGE OF GOD!<\/a><\/td>\n<\/tr>\n<tr class=\"row-6\">\n\t<td class=\"column-1\">J\u00c4GGLE Martin, SCHLACKL Teresa<\/td><td class=\"column-2\"><a href=\"https:\/\/www.laysalvatorians.org\/spiritual\/wp-content\/uploads\/2018\/04\/Ja\u0308ggle-Teresa-ENG.pdf\">THE KINGDOM OF GOD FOR ALL!<\/a><\/td>\n<\/tr>\n<tr class=\"row-7\">\n\t<td class=\"column-1\">JONES Scott<\/td><td class=\"column-2\"><a href=\"https:\/\/www.laysalvatorians.org\/spiritual\/wp-content\/uploads\/2018\/04\/Jones-EN.pdf\">The Idea of the Salvatorian Family:  A Thought for the Future<\/a><\/td>\n<\/tr>\n<tr class=\"row-8\">\n\t<td class=\"column-1\">MUKADI Marcel<\/td><td class=\"column-2\"><a href=\"https:\/\/www.laysalvatorians.org\/spiritual\/wp-content\/uploads\/2018\/04\/Mukadi-ENG.pdf\">TOWARDS A SALVATORIAN THEOLOGY OF SALVATION IN THE AFRICAN PERSPECTIVE  1<\/a><\/td>\n<\/tr>\n<tr class=\"row-9\">\n\t<td class=\"column-1\">NOVAK Sheila, SCHAFER Jean<\/td><td class=\"column-2\"><a href=\"https:\/\/www.laysalvatorians.org\/spiritual\/wp-content\/uploads\/2018\/04\/Novak-Schafer-EN.pdf\">LIVING IN THE \u2018NOW\u2019:   A SALVATORIAN RESPONSE TO THE SIGNS OF THE TIMES<\/a><\/td>\n<\/tr>\n<tr class=\"row-10\">\n\t<td class=\"column-1\">PATZL Christian<\/td><td class=\"column-2\"><a href=\"https:\/\/www.laysalvatorians.org\/spiritual\/wp-content\/uploads\/2018\/04\/Patzl-EN.pdf\">Life in Community <\/a><\/td>\n<\/tr>\n<tr class=\"row-11\">\n\t<td class=\"column-1\">PERRIN Thomas<\/td><td class=\"column-2\"><a href=\"https:\/\/www.laysalvatorians.org\/spiritual\/wp-content\/uploads\/2018\/04\/Perrin-ENG.pdf\">TOWARD A SALVATORIAN THEOLOGY OF SALVATION <\/a><\/td>\n<\/tr>\n<tr class=\"row-12\">\n\t<td class=\"column-1\">THRESHER Carol<\/td><td class=\"column-2\"><a href=\"https:\/\/www.laysalvatorians.org\/spiritual\/wp-content\/uploads\/2018\/04\/Thresher-EN.pdf\">EXPLORING UNIVERSALITY AS INCLUSIVE LOVE<\/a><\/td>\n<\/tr>\n<tr class=\"row-13\">\n\t<td class=\"column-1\">ZONTA Milton<\/td><td class=\"column-2\"><a href=\"https:\/\/www.laysalvatorians.org\/spiritual\/wp-content\/uploads\/2018\/04\/Zonta-ENG.pdf\">FRANCIS JORDAN AND HIS RELATIONSHIP WITH JESUS CHRIST<\/a><\/td>\n<\/tr>\n<\/tbody>\n<\/table>\n<!-- #tablepress-1 from cache -->\n<h3>Elementos clave salvatorianos 6<\/h3>\n\n<table id=\"tablepress-2\" class=\"tablepress tablepress-id-2\">\n<tbody class=\"row-striping row-hover\">\n<tr class=\"row-1\">\n\t<td class=\"column-1\">BINOTTO Rizolde, RASERA Therezinha<\/td><td class=\"column-2\"><a href=\"https:\/\/www.laysalvatorians.org\/spiritual\/wp-content\/uploads\/2018\/04\/Binotto-Rasera-ES.pdf\">LA CARTA MAGNA DE LA FAMILIA SALVATORIANA Y EL REINO DE DIOS <\/a><\/td>\n<\/tr>\n<tr class=\"row-2\">\n\t<td class=\"column-1\">BITZAN Janet E. <\/td><td class=\"column-2\"><a href=\"https:\/\/www.laysalvatorians.org\/spiritual\/wp-content\/uploads\/2018\/04\/Bitzan-ES.pdf\">UNIVERSALIDAD EN LA CARTA MAGNA DE LA FAMILIA SALVATORIANA  Y SUS RA\u00cdCES EN EL PADRE JORD\u00c1N<\/a><\/td>\n<\/tr>\n<tr class=\"row-3\">\n\t<td class=\"column-1\">DINUSHA Fernando<\/td><td class=\"column-2\"><a href=\"https:\/\/www.laysalvatorians.org\/spiritual\/wp-content\/uploads\/2018\/04\/Dinusha-SP.pdf\">Misi\u00f3n Salvatoriana Para Los Signos De Los Tiempos<\/a><\/td>\n<\/tr>\n<tr class=\"row-4\">\n\t<td class=\"column-1\">ESCALANTE Luis Alfredo<\/td><td class=\"column-2\"><a href=\"https:\/\/www.laysalvatorians.org\/spiritual\/wp-content\/uploads\/2018\/04\/Escalante-SP.pdf\">NUESTRA SALVACI\u00d3N EN JESUCRISTO<\/a><\/td>\n<\/tr>\n<tr class=\"row-5\">\n\t<td class=\"column-1\">FLORIANI Paulo Jos\u00e9<\/td><td class=\"column-2\"><a href=\"https:\/\/www.laysalvatorians.org\/spiritual\/wp-content\/uploads\/2018\/04\/Floriani-ES.pdf\">\u00a1SALVADO POR LA EXPERIENCIA DE CONOCER A DIOS!<\/a><\/td>\n<\/tr>\n<tr class=\"row-6\">\n\t<td class=\"column-1\">J\u00c4GGELE Martin, SCHLACKL Teresa<\/td><td class=\"column-2\"><a href=\"https:\/\/www.laysalvatorians.org\/spiritual\/wp-content\/uploads\/2018\/04\/Ja\u0308ggle-Teresa-SP.pdf\">EL REINO DE DIOS PARA TODOS! <\/a><\/td>\n<\/tr>\n<tr class=\"row-7\">\n\t<td class=\"column-1\">JONES Scott<\/td><td class=\"column-2\"><a href=\"https:\/\/www.laysalvatorians.org\/spiritual\/wp-content\/uploads\/2018\/04\/Jones-SP.pdf\">La Idea de Familia Salvatoriana: Un Pensamiento para el Futuro<\/a><\/td>\n<\/tr>\n<tr class=\"row-8\">\n\t<td class=\"column-1\">MUKADI Marcel<\/td><td class=\"column-2\"><a href=\"https:\/\/www.laysalvatorians.org\/spiritual\/wp-content\/uploads\/2018\/04\/Mukadi-SP.pdf\">Hacia Una Teolog\u00eda Salvatoriana De Salvaci\u00f3n Bajo Una Perspectiva Africana  <\/a><\/td>\n<\/tr>\n<tr class=\"row-9\">\n\t<td class=\"column-1\">NOVAK Sheila, SCHAFER Jean<\/td><td class=\"column-2\"><a href=\"https:\/\/www.laysalvatorians.org\/spiritual\/wp-content\/uploads\/2018\/04\/Novak-Schafer-SP.pdf\">Vivir en el \u201cAhora\u201d: Una Respuesta Salvatoriana a los Signos de los Tiempos<\/a><\/td>\n<\/tr>\n<tr class=\"row-10\">\n\t<td class=\"column-1\">PATZL Christian<\/td><td class=\"column-2\"><a href=\"https:\/\/www.laysalvatorians.org\/spiritual\/wp-content\/uploads\/2018\/04\/Patzl-ES.pdf\">La vida en comunidad<\/a><\/td>\n<\/tr>\n<tr class=\"row-11\">\n\t<td class=\"column-1\">PERRIN Thomas<\/td><td class=\"column-2\"><a href=\"https:\/\/www.laysalvatorians.org\/spiritual\/wp-content\/uploads\/2018\/04\/Perrin-SP.pdf\">HACIA UNA TEOLOG\u00cdA SALVATORIANA DE LA SALVACI\u00d3N<\/a><\/td>\n<\/tr>\n<tr class=\"row-12\">\n\t<td class=\"column-1\">THRESHER Carol<\/td><td class=\"column-2\"><a href=\"https:\/\/www.laysalvatorians.org\/spiritual\/wp-content\/uploads\/2018\/04\/Thresher-ES.pdf\">EXPLORANDO LA UNIVERSALIDAD  COMO AMOR INCLUSIVO <\/a><\/td>\n<\/tr>\n<tr class=\"row-13\">\n\t<td class=\"column-1\">ZONTA Milton<\/td><td class=\"column-2\"><a href=\"https:\/\/www.laysalvatorians.org\/spiritual\/wp-content\/uploads\/2018\/04\/Zonta-SP-.pdf\">FRANCISCO JORD\u00c1N EN SU RELACI\u00d3N CON JESUCRISTO<\/a><\/td>\n<\/tr>\n<\/tbody>\n<\/table>\n<!-- #tablepress-2 from cache -->\n<h3>Salvatorianische Schl\u00fcsselelemente 6<\/h3>\n\n<table id=\"tablepress-3\" class=\"tablepress tablepress-id-3\">\n<tbody class=\"row-striping row-hover\">\n<tr class=\"row-1\">\n\t<td class=\"column-1\">BINOTTO Rozilde, RASERA Therezinha<\/td><td class=\"column-2\"><a href=\"https:\/\/www.laysalvatorians.org\/spiritual\/wp-content\/uploads\/2018\/04\/Binotto-Rasera-GER.pdf\">DIE CHARTA DER SALVATORIANISCHEN FAMILIE UND DAS REICH GOTTES <\/a><\/td>\n<\/tr>\n<tr class=\"row-2\">\n\t<td class=\"column-1\">BITZAN Janet E.<\/td><td class=\"column-2\"><a href=\"https:\/\/www.laysalvatorians.org\/spiritual\/wp-content\/uploads\/2018\/04\/Bitzan-GER.pdf\">UNSERE UNIVERSALIT\u00c4T IN DER CHARTA  DER SALVATORIANISCHEN FAMILIE   UND IN PATER JORDANS SCHRIFTEN<\/a><\/td>\n<\/tr>\n<tr class=\"row-3\">\n\t<td class=\"column-1\">DINUSHA Fernando<\/td><td class=\"column-2\"><a href=\"https:\/\/www.laysalvatorians.org\/spiritual\/wp-content\/uploads\/2018\/04\/Dinusha-GER.pdf\">DIE SALVATORIANISCHE SENDUNG  IM ZUGE DER ZEICHEN DER ZEIT <\/a><\/td>\n<\/tr>\n<tr class=\"row-4\">\n\t<td class=\"column-1\">ESCALANTE Luis Alfredo <\/td><td class=\"column-2\">Unsere Errettung in Jesus Christus<\/td>\n<\/tr>\n<tr class=\"row-5\">\n\t<td class=\"column-1\">FLORIANI Paulo Jos\u00e9<\/td><td class=\"column-2\">Errettet durch die Erfahrung der Kenntnis Gottes<\/td>\n<\/tr>\n<tr class=\"row-6\">\n\t<td class=\"column-1\">J\u00c4GGELE Martin, SCHLACKL Teresa<\/td><td class=\"column-2\"><a href=\"https:\/\/www.laysalvatorians.org\/spiritual\/wp-content\/uploads\/2018\/04\/Ja\u0308ggle-Schlackl-GER.pdf\">DAS REICH GOTTES F\u00dcR ALLE!<\/a><\/td>\n<\/tr>\n<tr class=\"row-7\">\n\t<td class=\"column-1\">JONES Scott<\/td><td class=\"column-2\"><a href=\"https:\/\/www.laysalvatorians.org\/spiritual\/wp-content\/uploads\/2018\/04\/Jones-GER.pdf\">Die Idee von der Salvatorianischen Familie:  Ein Zukunftsgedanke <\/a><\/td>\n<\/tr>\n<tr class=\"row-8\">\n\t<td class=\"column-1\">MUKADI Marcel<\/td><td class=\"column-2\"><br \/>\n<a href=\"https:\/\/www.laysalvatorians.org\/spiritual\/wp-content\/uploads\/2018\/04\/Mukadi-GER.pdf\">EINE SALVATORIANISCHE HEILSTHEOLOGIE AUS DER AFRIKANISCHEN PERSPEKTIVE<\/a><\/td>\n<\/tr>\n<tr class=\"row-9\">\n\t<td class=\"column-1\">NOVAK Sheila, SCHAFER Jean<\/td><td class=\"column-2\"><a href=\"https:\/\/www.laysalvatorians.org\/spiritual\/wp-content\/uploads\/2018\/04\/Novak-Schafer-GER.pdf\">Unser Leben im \u2018Hier und Heute\u2019:   Eine salvatorianische Antwort auf die Zeichen der Zeit<\/a><\/td>\n<\/tr>\n<tr class=\"row-10\">\n\t<td class=\"column-1\">PATZL Christian<\/td><td class=\"column-2\"><a href=\"https:\/\/www.laysalvatorians.org\/spiritual\/wp-content\/uploads\/2018\/04\/Patzl-GER.pdf\">Leben in Gemeinschaft<\/a><\/td>\n<\/tr>\n<tr class=\"row-11\">\n\t<td class=\"column-1\">PERRIN Thomas<\/td><td class=\"column-2\"><a href=\"https:\/\/www.laysalvatorians.org\/spiritual\/wp-content\/uploads\/2018\/04\/Perrin-Ger.pdf\">AUF DEM WEG   ZU EINER SALVATORIANISCHEN HEILSTHEOLOGIE  <\/a><\/td>\n<\/tr>\n<tr class=\"row-12\">\n\t<td class=\"column-1\">THRESHER Carol<\/td><td class=\"column-2\"><a href=\"https:\/\/www.laysalvatorians.org\/spiritual\/wp-content\/uploads\/2018\/04\/Thresher-GER.pdf\">ENTDECKE DIE UNIVERSALIT\u00c4T ASL INKLUSIVE LIEBE<\/a><\/td>\n<\/tr>\n<tr class=\"row-13\">\n\t<td class=\"column-1\">ZONTA Milton<\/td><td class=\"column-2\"><a href=\"https:\/\/www.laysalvatorians.org\/spiritual\/wp-content\/uploads\/2018\/04\/Zonta-GER.pdf\">FRANZISKUS JORDAN UND SEINE BEZIEHUNG ZU JESUS CHRISTUS<\/a><\/td>\n<\/tr>\n<\/tbody>\n<\/table>\n<!-- #tablepress-3 from cache -->\n<h3>\u00c9l\u00e9ments cl\u00e9s salvatoriens<\/h3>\n\n<table id=\"tablepress-4\" class=\"tablepress tablepress-id-4\">\n<tbody class=\"row-striping row-hover\">\n<tr class=\"row-1\">\n\t<td class=\"column-1\">BINOTTO Rozilde, RASERA Therezinha<\/td><td class=\"column-2\"><a href=\"https:\/\/www.laysalvatorians.org\/spiritual\/wp-content\/uploads\/2018\/04\/Binotto-Rasera-FRENCH_ET.pdf\">LA CHARTE DE LA FAMILLE SALVATORIENNE ET LE ROYAUME DE DIEU  <\/a><\/td>\n<\/tr>\n<tr class=\"row-2\">\n\t<td class=\"column-1\">BITZAN Janet E.<\/td><td class=\"column-2\"><a href=\"https:\/\/www.laysalvatorians.org\/spiritual\/wp-content\/uploads\/2018\/04\/Bitzan-French_ET.pdf\">UNIVERSALIT\u00c9 DANS LA CHARTE DE LA FAMILLE  SALVATORIENNE ET SES RACINES DANS LE PERE JORDAN  <\/a><\/td>\n<\/tr>\n<tr class=\"row-3\">\n\t<td class=\"column-1\">DINUSHA Fernando<\/td><td class=\"column-2\"><a href=\"https:\/\/www.laysalvatorians.org\/spiritual\/wp-content\/uploads\/2018\/04\/Dinusha-French_ET.pdf\">LA MISSION SALVATORIENNE POUR LES SIGNES DES TEMPS <\/a><\/td>\n<\/tr>\n<tr class=\"row-4\">\n\t<td class=\"column-1\">ESCALANTE Luis Alfredo<\/td><td class=\"column-2\"><a href=\"https:\/\/www.laysalvatorians.org\/spiritual\/wp-content\/uploads\/2018\/04\/Escalante-FR_ET.pdf\">NOTRE SALUT EN JEUS CHRIST<\/a><\/td>\n<\/tr>\n<tr class=\"row-5\">\n\t<td class=\"column-1\">FLORIANI Paulo Jos\u00e9<\/td><td class=\"column-2\"><a href=\"https:\/\/www.laysalvatorians.org\/spiritual\/wp-content\/uploads\/2018\/04\/Floriani-FRENCH_ET.pdf\">SAUVE PAR L\u2019EXPERIENCE DE LA CONNAISSANCE DE DIEU <\/a><\/td>\n<\/tr>\n<tr class=\"row-6\">\n\t<td class=\"column-1\">J\u00c4GGELE Martin, SCHLACKL Teresa<\/td><td class=\"column-2\"><a href=\"https:\/\/www.laysalvatorians.org\/spiritual\/wp-content\/uploads\/2018\/04\/J\u00e4ggle-Schlackl-FRENCH_ET.pdf\">LE ROYAUME DE DIEU POUR TOUS ! <\/a><\/td>\n<\/tr>\n<tr class=\"row-7\">\n\t<td class=\"column-1\">JONES Scott<\/td><td class=\"column-2\"><a href=\"https:\/\/www.laysalvatorians.org\/spiritual\/wp-content\/uploads\/2018\/04\/Jones-FR_ET.pdf\">L\u2019id\u00e9e de la Famille Salvatorienne : Une pens\u00e9e pour le Futur. <\/a><\/td>\n<\/tr>\n<tr class=\"row-8\">\n\t<td class=\"column-1\">MUKADI Marcel<\/td><td class=\"column-2\"><a href=\"https:\/\/www.laysalvatorians.org\/spiritual\/wp-content\/uploads\/2018\/04\/Mukadi-FRENCH_ET.pdf\">VERS UNE THEOLOGIE SALVATORIENNE DE REDEMPTION DANS LA PERSPECTIVE AFRICAINE  <\/a><\/td>\n<\/tr>\n<tr class=\"row-9\">\n\t<td class=\"column-1\">NOVAK Sheila, SCHAFER Jean<\/td><td class=\"column-2\"><a href=\"https:\/\/www.laysalvatorians.org\/spiritual\/wp-content\/uploads\/2018\/04\/Novak-Schafer-FRENCH_ET.pdf\">VIVANT DANS LE \u00ab MAINTENANT \u00bb :   UNE REPONSE SALVATORIENNE AUX SIGNES DES TEMPS <\/a><\/td>\n<\/tr>\n<tr class=\"row-10\">\n\t<td class=\"column-1\">PATZL Christian<\/td><td class=\"column-2\"><a href=\"https:\/\/www.laysalvatorians.org\/spiritual\/wp-content\/uploads\/2018\/04\/Patzl-FR_ET.pdf\">La vie en communaut\u00e9 <\/a><\/td>\n<\/tr>\n<tr class=\"row-11\">\n\t<td class=\"column-1\">PERRIN Thomas<\/td><td class=\"column-2\"><a href=\"https:\/\/www.laysalvatorians.org\/spiritual\/wp-content\/uploads\/2018\/04\/Perrin-french_ET.pdf\">VERS UNE THEOLOGIE SALVATORIENNE DU SALUT <\/a><\/td>\n<\/tr>\n<tr class=\"row-12\">\n\t<td class=\"column-1\">THRESHER Carol<\/td><td class=\"column-2\"><a href=\"https:\/\/www.laysalvatorians.org\/spiritual\/wp-content\/uploads\/2018\/04\/Thresher-FRENCH_ET.pdf\">EXPLORER L\u2019UNIVERSALITE COMME AMOUR INCLUSIF <\/a><\/td>\n<\/tr>\n<tr class=\"row-13\">\n\t<td class=\"column-1\">ZONTA Milton<\/td><td class=\"column-2\"><a href=\"https:\/\/www.laysalvatorians.org\/spiritual\/wp-content\/uploads\/2018\/04\/Zonta-french_ET.pdf\">FRANCOIS JORDAN ET SA RELATION AVEC JESUS CHRIST<\/a><\/td>\n<\/tr>\n<\/tbody>\n<\/table>\n<!-- #tablepress-4 from cache -->\n<h3>Kluczowe elemnty salwatorian\u00f3w<\/h3>\n\n<table id=\"tablepress-5\" class=\"tablepress tablepress-id-5\">\n<tbody class=\"row-striping row-hover\">\n<tr class=\"row-1\">\n\t<td class=\"column-1\">BINOTTO Rozilde, RASERA Therezinha<\/td><td class=\"column-2\"><a href=\"https:\/\/www.laysalvatorians.org\/spiritual\/wp-content\/uploads\/2018\/04\/Binotto-Rasera-PL_ET.pdf\">KARTA RODZINY SALWATORIA\u0143SKIEJ A KR\u00d3LESTWO BO\u017bE  <\/a><\/td>\n<\/tr>\n<tr class=\"row-2\">\n\t<td class=\"column-1\">BITZAN Janet E. <\/td><td class=\"column-2\"><a href=\"https:\/\/www.laysalvatorians.org\/spiritual\/wp-content\/uploads\/2018\/04\/Bitzan-PL_ET.pdf\">UNIWERSALNO\u015a\u0106 W KARCIE RODZINY SALWATORIA\u0143SKIEJ I JEJ KORZENIE W WIZJI OJCA JORDANA <\/a><\/td>\n<\/tr>\n<tr class=\"row-3\">\n\t<td class=\"column-1\">DINUSHA Fernando<\/td><td class=\"column-2\"><a href=\"https:\/\/www.laysalvatorians.org\/spiritual\/wp-content\/uploads\/2018\/04\/Dinusha-PL_ET.pdf\">POS\u0141ANNICTWO SALWATORIA\u0143SKIE A ZNAKI CZASU<\/a><\/td>\n<\/tr>\n<tr class=\"row-4\">\n\t<td class=\"column-1\">ESCALANTE Luis Alfredo<\/td><td class=\"column-2\"><a href=\"https:\/\/www.laysalvatorians.org\/spiritual\/wp-content\/uploads\/2018\/04\/Escalante-PL_ET.pdf\">NASZE ZBAWIENIE W JEZUSIE CHRYSTUSIE<\/a><\/td>\n<\/tr>\n<tr class=\"row-5\">\n\t<td class=\"column-1\">FLORIANI Paulo Jos\u00e9<\/td><td class=\"column-2\"><a href=\"https:\/\/www.laysalvatorians.org\/spiritual\/wp-content\/uploads\/2018\/04\/Floriani-PL_ET.pdf\">ZBAWIENI DZI\u0118KI DO\u015aWIADCZENIU POZNANIA BOGA!<\/a><\/td>\n<\/tr>\n<tr class=\"row-6\">\n\t<td class=\"column-1\">J\u00c4GGELE Martin, SCHLACKL Teresa<\/td><td class=\"column-2\"><a href=\"http:\/\/KR\u00d3LESTWO BO\u017bE DLA WSZYSTKICH!\">KR\u00d3LESTWO BO\u017bE DLA WSZYSTKICH!<\/a><\/td>\n<\/tr>\n<tr class=\"row-7\">\n\t<td class=\"column-1\">JONES Scott<\/td><td class=\"column-2\"><a href=\"https:\/\/www.laysalvatorians.org\/spiritual\/wp-content\/uploads\/2018\/04\/Jones-PL_ET.pdf\">Idea Rodziny Salwatoria\u0144skiej: My\u015bli dla przysz\u0142o\u015bci<\/a><\/td>\n<\/tr>\n<tr class=\"row-8\">\n\t<td class=\"column-1\">MUKADI Marcel<\/td><td class=\"column-2\"><a href=\"https:\/\/www.laysalvatorians.org\/spiritual\/wp-content\/uploads\/2018\/04\/Mukadi-PL_2_ET.pdf\">KU SALWATORIA\u0143SKIEJ TEOLOGII ZBAWIENIA Z PERSPEKTYWY AFRYKA\u0143SKIEJ <\/a><\/td>\n<\/tr>\n<tr class=\"row-9\">\n\t<td class=\"column-1\">NOVAK Sheila, SCHAFER Jean<\/td><td class=\"column-2\"><a href=\"https:\/\/www.laysalvatorians.org\/spiritual\/wp-content\/uploads\/2018\/04\/Novak-Schafer-PL_ET.pdf\">\u017bY\u0106 W CHWILI TERA\u0179NIEJSZEJ   SALWATORIA\u0143SKA ODPOWIED\u0179 NA ZNAKI CZASU<\/a><\/td>\n<\/tr>\n<tr class=\"row-10\">\n\t<td class=\"column-1\">PATZL Christian<\/td><td class=\"column-2\"><a href=\"https:\/\/www.laysalvatorians.org\/spiritual\/wp-content\/uploads\/2018\/04\/Patzl-PL_ET.pdf\">\u017bycie we wsp\u00f3lnocie  <\/a><\/td>\n<\/tr>\n<tr class=\"row-11\">\n\t<td class=\"column-1\">PERRIN Thomas<\/td><td class=\"column-2\"><a href=\"https:\/\/www.laysalvatorians.org\/spiritual\/wp-content\/uploads\/2018\/04\/Perrin-PL_ET.pdf\">KU SALWATORIA\u0143SKIEJ TEOLOGII ZBAWIENIA <\/a><\/td>\n<\/tr>\n<tr class=\"row-12\">\n\t<td class=\"column-1\">THRESHER Carol<\/td><td class=\"column-2\"><a href=\"https:\/\/www.laysalvatorians.org\/spiritual\/wp-content\/uploads\/2018\/04\/Thresher-PL_ET.pdf\">ODKRY\u0106 UNIWERSALNO\u015a\u0106 JAKO MI\u0141O\u015a\u0106 OBEJMUJ\u0104C\u0104 WSZYSTKICH <\/a><\/td>\n<\/tr>\n<tr class=\"row-13\">\n\t<td class=\"column-1\">ZONTA Milton<\/td><td class=\"column-2\"><a href=\"https:\/\/www.laysalvatorians.org\/spiritual\/wp-content\/uploads\/2018\/04\/Zonta-PL_ET.pdf\">FRANCISZEK JORDAN  I JEGO RELACJA Z JEZUSEM CHRYSTUSEM<\/a><\/td>\n<\/tr>\n<\/tbody>\n<\/table>\n<!-- #tablepress-5 from cache -->\n<h3>Elementos chave salvatorianos<\/h3>\n\n<table id=\"tablepress-6\" class=\"tablepress tablepress-id-6\">\n<tbody class=\"row-striping row-hover\">\n<tr class=\"row-1\">\n\t<td class=\"column-1\">BINOTTO Rozilde, RASERA Therezinha<\/td><td class=\"column-2\"><a href=\"https:\/\/www.laysalvatorians.org\/spiritual\/wp-content\/uploads\/2018\/04\/Binotto-Rasera-PORT.pdf\">DECLARA\u00c7\u00c3O DA FAMILIA SALVATORIANA E O REINO DE DEUS<\/a><\/td>\n<\/tr>\n<tr class=\"row-2\">\n\t<td class=\"column-1\">BITZAN Janet E. <\/td><td class=\"column-2\"><a href=\"https:\/\/www.laysalvatorians.org\/spiritual\/wp-content\/uploads\/2018\/04\/Bitzan-PORT.pdf\">UNIVERSALIDADE NA DECLARA\u00c7\u00c3O DA   FAM\u00cdLIA SALVATORIANA E SUAS RA\u00cdZES EM PADRE JORDAN<\/a><\/td>\n<\/tr>\n<tr class=\"row-3\">\n\t<td class=\"column-1\">DINUSHA Fernando<\/td><td class=\"column-2\"><a href=\"https:\/\/www.laysalvatorians.org\/spiritual\/wp-content\/uploads\/2018\/04\/Dinusha-PORT.pdf\">MISS\u00c3O SALVATORIANA  COMO RESPOSTA AOS SINAIS DOS TEMPOS<\/a><\/td>\n<\/tr>\n<tr class=\"row-4\">\n\t<td class=\"column-1\">ESCALANTE Luis Alfredo<\/td><td class=\"column-2\"><a href=\"https:\/\/www.laysalvatorians.org\/spiritual\/wp-content\/uploads\/2018\/04\/Escalante-PT.pdf\">A NOSSA SALVA\u00c7\u00c3O EM JESUS CRISTO<\/a><\/td>\n<\/tr>\n<tr class=\"row-5\">\n\t<td class=\"column-1\">FLORIANI Paulo Jos\u00e9<\/td><td class=\"column-2\"><a href=\"https:\/\/www.laysalvatorians.org\/spiritual\/wp-content\/uploads\/2018\/04\/Floriani-PORT.pdf\">SALVOS PELA EXPERI\u00caNCIA DO CONHECIMENTO DE DEUS!<\/a><\/td>\n<\/tr>\n<tr class=\"row-6\">\n\t<td class=\"column-1\">J\u00c4GGELE Martin, SCHLACKL Teresa<\/td><td class=\"column-2\"><a href=\"https:\/\/www.laysalvatorians.org\/spiritual\/wp-content\/uploads\/2018\/04\/Ja\u0308ggle-Schlackl-PORT.pdf\">O Reino de Deus para Todos! <\/a><\/td>\n<\/tr>\n<tr class=\"row-7\">\n\t<td class=\"column-1\">JONES Scott<\/td><td class=\"column-2\"><a href=\"https:\/\/www.laysalvatorians.org\/spiritual\/wp-content\/uploads\/2018\/04\/Jones-PORT.pdf\">Uma Ideia  sobre a Fam\u00edlia Salvatoriana: Um Pensamento para o Futuro<\/a><\/td>\n<\/tr>\n<tr class=\"row-8\">\n\t<td class=\"column-1\">MUKADI Marcel<\/td><td class=\"column-2\"><a href=\"https:\/\/www.laysalvatorians.org\/spiritual\/wp-content\/uploads\/2018\/04\/Mukadi-PORT.pdf\">PARA UMA TEOLOGIA SALVATORIANA DA SALVA\u00c7\u00c3O   NA PERSPECTIVA AFRICANA<\/a><\/td>\n<\/tr>\n<tr class=\"row-9\">\n\t<td class=\"column-1\">NOVAK Sheila, SCHAFER Jean<\/td><td class=\"column-2\"><a href=\"https:\/\/www.laysalvatorians.org\/spiritual\/wp-content\/uploads\/2018\/04\/Novak-Schafer-PORT.pdf\">Vivendo o \u2018Agora\u2019:   Uma Resposta Salvatoriana aos Sinais dos Tempos<\/a><\/td>\n<\/tr>\n<tr class=\"row-10\">\n\t<td class=\"column-1\">PATZL Christian<\/td><td class=\"column-2\"><a href=\"https:\/\/www.laysalvatorians.org\/spiritual\/wp-content\/uploads\/2018\/04\/Patzl-PT.pdf\">Vida em Comunidade <\/a><\/td>\n<\/tr>\n<tr class=\"row-11\">\n\t<td class=\"column-1\">PERRIN Thomas<\/td><td class=\"column-2\"><a href=\"https:\/\/www.laysalvatorians.org\/spiritual\/wp-content\/uploads\/2018\/04\/Perrin-PORT.pdf\">EM DIRE\u00c7\u00c3O \u00c0 TEOLOGIA SALVATORIANA DE SALVA\u00c7\u00c3O<\/a><\/td>\n<\/tr>\n<tr class=\"row-12\">\n\t<td class=\"column-1\">THRESHER Carol<\/td><td class=\"column-2\">EXPLORANDO A UNIVERSALIDADE COMO AMOR INCLUSIVO<\/td>\n<\/tr>\n<tr class=\"row-13\">\n\t<td class=\"column-1\">ZONTA Milton<\/td><td class=\"column-2\">FRANCIS JORDAN E SUA RELA\u00c7\u00c3O COM JESUS CRISTO<\/td>\n<\/tr>\n<\/tbody>\n<\/table>\n<!-- #tablepress-6 from cache -->\n<p style=\"text-align: center;\">&nbsp;<\/p>\n","protected":false},"excerpt":{"rendered":"<p>Salvatorian Key Elements 6 Elementos clave salvatorianos 6 Salvatorianische Schl\u00fcsselelemente 6 \u00c9l\u00e9ments cl\u00e9s salvatoriens Kluczowe elemnty salwatorian\u00f3w Elementos chave salvatorianos &nbsp;<\/p>\n","protected":false},"author":2,"featured_media":0,"parent":0,"menu_order":0,"comment_status":"closed","ping_status":"closed","template":"","meta":{"ngg_post_thumbnail":0,"footnotes":""},"class_list":["post-62","page","type-page","status-publish","hentry"],"post_mailing_queue_ids":[],"_links":{"self":[{"href":"https:\/\/www.laysalvatorians.org\/spiritual\/wp-json\/wp\/v2\/pages\/62","targetHints":{"allow":["GET"]}}],"collection":[{"href":"https:\/\/www.laysalvatorians.org\/spiritual\/wp-json\/wp\/v2\/pages"}],"about":[{"href":"https:\/\/www.laysalvatorians.org\/spiritual\/wp-json\/wp\/v2\/types\/page"}],"author":[{"embeddable":true,"href":"https:\/\/www.laysalvatorians.org\/spiritual\/wp-json\/wp\/v2\/users\/2"}],"replies":[{"embeddable":true,"href":"https:\/\/www.laysalvatorians.org\/spiritual\/wp-json\/wp\/v2\/comments?post=62"}],"version-history":[{"count":8,"href":"https:\/\/www.laysalvatorians.org\/spiritual\/wp-json\/wp\/v2\/pages\/62\/revisions"}],"predecessor-version":[{"id":200,"href":"https:\/\/www.laysalvatorians.org\/spiritual\/wp-json\/wp\/v2\/pages\/62\/revisions\/200"}],"wp:attachment":[{"href":"https:\/\/www.laysalvatorians.org\/spiritual\/wp-json\/wp\/v2\/media?parent=62"}],"curies":[{"name":"wp","href":"https:\/\/api.w.org\/{rel}","templated":true}]}}